t common factor of o and 10.
10
Let n(m) = m**3 + 2*m**2 - 3*m - 1. Let q be n(-2). Calculate the highest common factor of 5 and q.
5
Suppose -4*d = -196 + 56. Suppose -s - 2 = -b + 2, 0 = b - 3*s - 2. Calculate the highest common factor of d and b.
5
Let j(t) = -t**2 + t - 4. Let h be j(5). Let y be 32/h*(-15)/2. Calculate the highest common divisor of y and 15.
5
Let m = -7 + 20. Let o(s) = 2*s**2 + 8*s + 3. Let p = -12 - -7. Let k be o(p). Calculate the highest common divisor of k and m.
13
Suppose 2*u = -0*u + 10, -3*d - 5*u + 28 = 0. Let j be 7*4 - (3 - d). Calculate the highest common divisor of j and 26.
26
Let t(b) = b**2 + 11*b - 11. Let l be t(-13). Calculate the greatest common divisor of 10 and l.
5
Suppose 3*v + 20 = 50. Suppose 3*k + 10 = 1, 0 = -5*f + 5*k + 15. Let z(j) = -j**3 + 15. Let n be z(f). Calculate the greatest common divisor of n and v.
5
Let r = -18 + 23. Suppose -r*u - 206 + 866 = 0. Calculate the greatest common divisor of u and 12.
12
Suppose -5*n + 25 = 0, 0 = -5*i + 2*n - n - 35. Let z = i + 9. Let a be (-13 + z)*4/(-2). What is the greatest common factor of 5 and a?
5
Suppose -5*n = -2*p + 14 + 8, -4*p = 2*n + 4. What is the greatest common factor of p and 8?
1
Suppose 0 = 5*f - 2*f - 12. Let k(c) be the third derivative of c**5/20 + c**4/12 - 11*c**2. Let d be k(f). What is the greatest common factor of 7 and d?
7
Let g = 30 - -5. Let k(l) = 2*l**2 + 7*l - 1. Let m = 4 - 9. Let c be k(m). What is the highest common factor of c and g?
7
Let s = 5 + -3. Let v be (-3 + s - -19)*1. What is the greatest common factor of v and 2?
2
Suppose -4*o - 2*r + 90 = -4*r, r - 1 = 0. What is the highest common factor of o and 184?
23
Suppose 12 + 78 = 2*g. Let v(k) = 3*k - 4. Let w be v(3). What is the highest common factor of w and g?
5
Suppose 3*l = 5*v - 22, -5*l + 6 + 4 = v. Let s(m) = 85*m. Let g be s(l). What is the highest common divisor of g and 17?
17
Let s be -4 + (1 - -1) + 6. Suppose -s*m - 20 = -88. Let g be (-1)/4 - (-1092)/16. What is the highest common divisor of m and g?
17
Let x = 34 - 8. Let a be (-10)/15 - x/(-3). Let s(t) = t**2 + 4. Let q be s(0). What is the greatest common factor of q and a?
4
Let n(c) = -c**3 + 11*c**2 + 9*c + 6. Let w be n(9). Let h = w + -134. Let g = -11 + 34. What is the highest common factor of g and h?
23
Suppose -535 - 50 = -5*m. Calculate the highest common factor of 13 and m.
13
Let t be 2*(-24 + 0)/2. Let y be (-3)/(-6)*-2 - t. Suppose -4*v + 29 = -3*r, -2*v + 4 = r - y. What is the highest common factor of 88 and v?
11
Let l(k) = -k**2 + 6*k + 10. Let c be l(7). Suppose -x + 129 = -w, 92 + 146 = 2*x + c*w. Calculate the highest common factor of 25 and x.
25
Suppose -l = 5*s - 7 - 61, -4*s + 3*l = -43. Let g be -4 - (33 + 1)/(-2). Calculate the greatest common divisor of s and g.
13
Suppose g - 3*g + 52 = -4*m, 78 = 3*g - 2*m. Let n(f) = 26*f. Let o be n(4). Calculate the greatest common factor of o and g.
26
Let g be ((-1)/(-2))/((-2)/(-4)). Let x(d) = 21*d**3 - d**2 + 1. Let n be x(g). Calculate the highest common divisor of 63 and n.
21
Suppose -2 - 2 = -w, 4*a - 52 = 4*w. What is the highest common factor of a and 68?
17
Suppose -7*b + 8*b - 44 = 0. Calculate the highest common divisor of 55 and b.
11
Let d(l) = l**2 + 2*l + 5. Let k be d(5). Calculate the greatest common factor of k and 10.
10
Suppose -178 = 2*a + z - 0*z, -a + 3*z = 82. Let f = -43 - a. Calculate the highest common factor of 30 and f.
15
Let o(y) = -y**3 - 15*y**2 - 15*y + 16. Let a be o(-14). What is the greatest common divisor of a and 75?
15
Let l(h) = h**2 - h + 4. Let q be l(0). Let n be 1/(10/q - 2). Calculate the greatest common factor of n and 16.
2
Suppose 63 = 4*f - 21. Calculate the greatest common factor of f and 3.
3
Suppose 45 = 3*r - 3*d, -3*r = r - 2*d - 66. Let j = 841 + -448. Suppose 3*c = 2*s - j, s - 794 = -3*s - 2*c. What is the highest common divisor of s and r?
18
Suppose 3*n - 2*n - 19 = 0. Suppose 0 = i - 0 - 1, -3*t + 2*i = -n. Calculate the highest common divisor of t and 7.
7
Suppose j + 0 - 2 = 0. Suppose j*p - 1 = 5. Suppose -2*m = -m - 1, p*m = -3*z + 27. Calculate the highest common factor of 24 and z.
8
Let j(y) = -y**3 - y**2 + 2*y + 9. Let x be j(0). Suppose 4*n + n = 4*b + 225, -b = 0. Calculate the greatest common factor of x and n.
9
Suppose -2*j - 32 = -5*a, 2*a + 3*j = 3*a - 9. Calculate the highest common factor of a and 30.
6
Suppose -4*z + 5*z - 14 = 0. Calculate the greatest common divisor of z and 56.
14
Let r(d) = -d**3 + 6*d**2 - d + 4. Let j be r(6). Let s = j + 10. Suppose -5 + 65 = 3*w. Calculate the highest common factor of s and w.
4
Let k(l) = l**2 + 4*l. Let r be k(-7). Calculate the highest common factor of r and 189.
21
Suppose -n + 20 = 3*n. Suppose -2*a = 3*q + 22 - 63, -15 = -n*q. What is the greatest common divisor of 4 and a?
4
Suppose 0 = -5*g + 673 - 213. Suppose v - 8*w = -4*w + 27, 2*v + 5*w = 41. Calculate the greatest common factor of v and g.
23
Suppose 0*m - 3*m = 0. Let f(a) = a**2 - 3. Let x be f(-3). Suppose m = i + 4, -3*i = 2*o - x*i - 36. What is the highest common divisor of 12 and o?
12
Suppose -4*u = -5*w + 130, 4*u + 0*u - 2*w = -136. Let x be (0 + 1)/((-5)/u). Calculate the highest common divisor of 56 and x.
7
Let j be ((-1)/(-1))/((-2)/4). Let f be 1*(-5)/j*16. Let w be (-68)/(-7) - 6/(-21). Calculate the highest common factor of f and w.
10
Suppose 3*t - 42 = -3*o, 0 = o - 5*t - 8 - 24. Calculate the greatest common factor of 17 and o.
17
Let n be (20/15)/((-2)/(-27)). Calculate the greatest common divisor of n and 12.
6
Let i = 10 - 7. Suppose i = -0*f + f. What is the highest common divisor of f and 6?
3
Let w(p) = p**2 - p - 12. Let v be w(-7). Calculate the highest common factor of 4 and v.
4
Let o(r) = -r**2 - 4*r + 1. Let u be o(-3). Calculate the greatest common divisor of u and 36.
4
Let b = -10 + -4. Let p be 6/(3 + b/6). Let y = 9 + -3. Calculate the greatest common factor of y and p.
3
Let r be (6/(-18))/((-1)/6). Suppose -5*f + 13 = 4*k, -5*k + 2*f = -r - 6. Calculate the greatest common divisor of 10 and k.
2
Let q(g) = -g**3 - 3*g**2 + g + 1 + 9*g**2 - 9. Let z be q(6). Let o(w) = 2*w**2 - w - 1. Let c be o(z). Calculate the highest common factor of c and 6.
3
Let y = 138 - 90. Let n be (-16 - 2)/(3/(-2)). What is the greatest common divisor of n and y?
12
Suppose 0 = 3*q + q + 4*g - 12, 0 = -2*q - 4*g + 6. Suppose -q - 12 = -3*m. Let p be -3 + 6*(-114)/(-18). What is the highest common factor of p and m?
5
Let w(n) = -27*n - 17. Let a be w(-3). What is the greatest common factor of 96 and a?
32
Suppose 1 - 5 = 2*n, 3*p = 3*n + 18. Suppose -4*x + 7 = p*j + x, -5*j + 55 = -3*x. Let u = 7 - 5. What is the highest common factor of u and j?
2
Let n = 11 + -3. Suppose 3*d = -0*u - u + 2, -3*d + 17 = 4*u. Let g be (12/30)/(d/(-50)). Calculate the highest common factor of n and g.
4
Suppose 27 = -4*z + 7*z. Let f = -5 + 9. Let a be ((-24)/(-10))/(f/30). What is the greatest common divisor of a and z?
9
Suppose s = -4*s - 10. Let k(f) = -8*f + 2. Let m be k(s). What is the greatest common divisor of 144 and m?
18
Let s = 6 - 2. Calculate the greatest common divisor of s and 1.
1
Let j = -12 + 24. Let g = j + -7. What is the highest common divisor of g and 15?
5
Let g be 0 - (-13)/((-39)/(-198)). What is the highest common divisor of g and 99?
33
Let o be 6/(-36) - (-26)/12. Suppose -o*n + 18 = n. What is the greatest common factor of 66 and n?
6
Let x(z) = -46*z - 7. Let f be x(-2). What is the highest common factor of f and 34?
17
Let b be 7 - 1 - 0*(-1)/(-1). Suppose 0 = -0*y + 4*y + 8. Let s be (-6)/y*(-1 - -6). Calculate the greatest common divisor of b and s.
3
Let m(h) = h**2 + h - 1. Let t be m(-3). Let y = 0 - t. Let u = 6 - y. Calculate the highest common factor of u and 44.
11
Let h be (2 - 1) + (-50 - -5). Let f = -11 - h. Suppose -3*t + 88 = t. What is the highest common factor of t and f?
11
Let n(p) = 4*p + 4. Let z be n(-3). Let u be 20/z*32/(-5). Let c be -6*8*(-14)/6. What is the highest common divisor of c and u?
16
Let a = -50 - -57. Let f(d) = 3*d**3 + 2*d**2 - 1. Let x be f(-1). Let p be 4*(-1)/x - -19. What is the greatest common divisor of a and p?
7
Let x(g) = g**2 - 8*g + 11. Let j be 